{"id":2,"date":"2016-02-05T19:54:46","date_gmt":"2016-02-05T18:54:46","guid":{"rendered":"http:\/\/centre-des-buttes-chaumont.org\/wp_cdbc\/?page_id=2"},"modified":"2025-03-14T12:28:31","modified_gmt":"2025-03-14T11:28:31","slug":"page-d-exemple","status":"publish","type":"page","link":"https:\/\/centre-des-buttes-chaumont.org\/","title":{"rendered":"Accueil"},"content":{"rendered":"\n<p>Martine NISSE et Pierre SABOURIN sont cofondateurs du Centre des Buttes-Chaumont.<\/p>\n\n\n\n<p>Depuis plus de 30 ans, le Centre des Buttes-Chaumont est sp\u00e9cialis\u00e9 dans la prise en charge th\u00e9rapeutique adapt\u00e9e aux situations d&rsquo;inceste et autres maltraitances pour les victimes et les auteurs de ces violences familiales et extra-familiales.<\/p>\n\n\n\n<p>Le cadre d&rsquo;intervention du Centre des Buttes-Chaumont est interactif, \u00e0 la fois social, judiciaire et th\u00e9rapeutique ; il privil\u00e9gie l&rsquo;approche strat\u00e9gique et les th\u00e9rapies syst\u00e9miques de r\u00e9seau.<\/p>\n\n\n\n<p>Le Centre des Buttes-Chaumont est aussi un <a href=\"http:\/\/centre-des-buttes-chaumont.org\/index.php\/formations\/\">organisme de formation<\/a> et intervient \u00e9galement en institution pour l&rsquo;analyse de la pratique et la supervision des \u00e9quipes.<\/p>\n\n\n\n<p><\/p>\n\n\n\n<figure class=\"wp-block-image size-large\"><img data-recalc-dims=\"1\" decoding=\"async\" data-attachment-id=\"828\" data-permalink=\"https:\/\/centre-des-buttes-chaumont.org\/progr-bull-inscrip-violences-sexuelles-dv-2-2\/\" data-orig-file=\"https:\/\/i0.wp.com\/centre-des-buttes-chaumont.org\/wp-content\/uploads\/2021\/03\/Progr-Bull-inscrip-Violences-sexuelles-DV-2-scaled.jpg?fit=1811%2C2560&amp;ssl=1\" data-orig-size=\"1811,2560\" data-comments-opened=\"1\" data-image-meta=\"{&quot;aperture&quot;:&quot;0&quot;,&quot;credit&quot;:&quot;&quot;,&quot;camera&quot;:&quot;&quot;,&quot;caption&quot;:&quot;&quot;,&quot;created_timestamp&quot;:&quot;0&quot;,&quot;copyright&quot;:&quot;&quot;,&quot;focal_length&quot;:&quot;0&quot;,&quot;iso&quot;:&quot;0&quot;,&quot;shutter_speed&quot;:&quot;0&quot;,&quot;title&quot;:&quot;&quot;,&quot;orientation&quot;:&quot;0&quot;}\" data-image-title=\"Progr + Bull inscrip &amp;#8211; Violences sexuelles- DV 2\" data-image-description=\"\" data-image-caption=\"\" data-medium-file=\"https:\/\/i0.wp.com\/centre-des-buttes-chaumont.org\/wp-content\/uploads\/2021\/03\/Progr-Bull-inscrip-Violences-sexuelles-DV-2-scaled.jpg?fit=212%2C300&amp;ssl=1\" data-large-file=\"https:\/\/i0.wp.com\/centre-des-buttes-chaumont.org\/wp-content\/uploads\/2021\/03\/Progr-Bull-inscrip-Violences-sexuelles-DV-2-scaled.jpg?fit=600%2C849&amp;ssl=1\" class=\"wp-image-828\" src=\"https:\/\/i0.wp.com\/centre-des-buttes-chaumont.org\/wp-content\/uploads\/2025\/03\/QUALIOPI-LOGO-2024.png?w=600&#038;ssl=1\" alt=\"\"><\/figure>\n\n\n<p><a href=\"https:\/\/centre-des-buttes-chaumont.org\/index.php\/contact\/envoyez-nous-un-message\/https:\/\/centre-des-buttes-chaumont.org\/index.php\/contact\/envoyez-nous-un-message\/\"><br>Pour nous contacter cliquer sur ce lien<\/a><\/p>\n\n\n\n\n\n<p><\/p>\n","protected":false},"excerpt":{"rendered":"<p>Martine NISSE et Pierre SABOURIN sont cofondateurs du Centre des Buttes-Chaumont. Depuis plus de 30 ans, le Centre des Buttes-Chaumont est sp\u00e9cialis\u00e9 dans la prise en charge th\u00e9rapeutique adapt\u00e9e aux situations d&rsquo;inceste et autres maltraitances pour les victimes et les auteurs de ces violences familiales et extra-familiales. Le cadre d&rsquo;intervention du Centre des Buttes-Chaumont est [&hellip;]<\/p>\n","protected":false},"author":1,"featured_media":0,"parent":0,"menu_order":0,"comment_status":"closed","ping_status":"closed","template":"","meta":{"jetpack_post_was_ever_published":false,"footnotes":""},"class_list":["post-2","page","type-page","status-publish","hentry"],"jetpack_sharing_enabled":true,"jetpack_shortlink":"https:\/\/wp.me\/P7cYqF-2","jetpack-related-posts":[],"_links":{"self":[{"href":"https:\/\/centre-des-buttes-chaumont.org\/index.php\/wp-json\/wp\/v2\/pages\/2","targetHints":{"allow":["GET"]}}],"collection":[{"href":"https:\/\/centre-des-buttes-chaumont.org\/index.php\/wp-json\/wp\/v2\/pages"}],"about":[{"href":"https:\/\/centre-des-buttes-chaumont.org\/index.php\/wp-json\/wp\/v2\/types\/page"}],"author":[{"embeddable":true,"href":"https:\/\/centre-des-buttes-chaumont.org\/index.php\/wp-json\/wp\/v2\/users\/1"}],"replies":[{"embeddable":true,"href":"https:\/\/centre-des-buttes-chaumont.org\/index.php\/wp-json\/wp\/v2\/comments?post=2"}],"version-history":[{"count":40,"href":"https:\/\/centre-des-buttes-chaumont.org\/index.php\/wp-json\/wp\/v2\/pages\/2\/revisions"}],"predecessor-version":[{"id":2011,"href":"https:\/\/centre-des-buttes-chaumont.org\/index.php\/wp-json\/wp\/v2\/pages\/2\/revisions\/2011"}],"wp:attachment":[{"href":"https:\/\/centre-des-buttes-chaumont.org\/index.php\/wp-json\/wp\/v2\/media?parent=2"}],"curies":[{"name":"wp","href":"https:\/\/api.w.org\/{rel}","templated":true}]}}