{"id":13,"date":"2016-02-05T20:20:15","date_gmt":"2016-02-05T19:20:15","guid":{"rendered":"http:\/\/centre-des-buttes-chaumont.org\/wp_cdbc\/?page_id=13"},"modified":"2026-02-26T11:36:52","modified_gmt":"2026-02-26T10:36:52","slug":"formations","status":"publish","type":"page","link":"https:\/\/centre-des-buttes-chaumont.org\/index.php\/formations\/","title":{"rendered":"Formations"},"content":{"rendered":"<h3>Dans les locaux du Centre des Buttes-Chaumont<\/h3>\n<p><a href=\"http:\/\/centre-des-buttes-chaumont.org\/index.php\/formations\/intervention-en-reseau-aupres-des-systemes-maltraitants\/\">Intervention en r\u00e9seau aupr\u00e8s des syst\u00e8mes maltraitants (70 heures)<\/a><\/p>\n<p><a href=\"http:\/\/centre-des-buttes-chaumont.org\/index.php\/formations\/maltraitances-intervention-systemanalytique-de-reseau\/\">Th\u00e9rapie familiale et approche syst\u00e9mique adapt\u00e9e aux situations d&rsquo;inceste et autres maltraitances : Intervention syst\u00e9manalytique de r\u00e9seau (140 h\/420 h\/570 h)<\/a><\/p>\n<h3>Formations sur site<\/h3>\n<p><a href=\"https:\/\/centre-des-buttes-chaumont.org\/index.php\/formations\/formation-sur-site\/\">Organiser une formation dans votre structure<\/a><\/p>\n<h3><\/h3>\n\n\n\n\n<p>Le Centre des Buttes-Chaumont est un organisme de Formation certifi\u00e9 Qualiopi<\/p>\n\n<figure class=\"wp-block-image size-medium\"><img data-recalc-dims=\"1\" decoding=\"async\" src=\"https:\/\/i0.wp.com\/centre-des-buttes-chaumont.org\/wp-content\/uploads\/2025\/03\/QUALIOPI-LOGO-2024.png?w=600&#038;ssl=1\" alt=\"\" class=\"wp-image-1302\"\/><\/figure>\n","protected":false},"excerpt":{"rendered":"<p>Dans les locaux du Centre des Buttes-Chaumont Intervention en r\u00e9seau aupr\u00e8s des syst\u00e8mes maltraitants (70 heures) Th\u00e9rapie familiale et approche syst\u00e9mique adapt\u00e9e aux situations d&rsquo;inceste et autres maltraitances : Intervention syst\u00e9manalytique de r\u00e9seau (140 h\/420 h\/570 h) Formations sur site Organiser une formation dans votre structure Le Centre des Buttes-Chaumont est un organisme de Formation [&hellip;]<\/p>\n","protected":false},"author":1,"featured_media":0,"parent":0,"menu_order":4,"comment_status":"closed","ping_status":"closed","template":"","meta":{"jetpack_post_was_ever_published":false,"footnotes":""},"class_list":["post-13","page","type-page","status-publish","hentry"],"jetpack_sharing_enabled":true,"jetpack_shortlink":"https:\/\/wp.me\/P7cYqF-d","jetpack-related-posts":[],"_links":{"self":[{"href":"https:\/\/centre-des-buttes-chaumont.org\/index.php\/wp-json\/wp\/v2\/pages\/13","targetHints":{"allow":["GET"]}}],"collection":[{"href":"https:\/\/centre-des-buttes-chaumont.org\/index.php\/wp-json\/wp\/v2\/pages"}],"about":[{"href":"https:\/\/centre-des-buttes-chaumont.org\/index.php\/wp-json\/wp\/v2\/types\/page"}],"author":[{"embeddable":true,"href":"https:\/\/centre-des-buttes-chaumont.org\/index.php\/wp-json\/wp\/v2\/users\/1"}],"replies":[{"embeddable":true,"href":"https:\/\/centre-des-buttes-chaumont.org\/index.php\/wp-json\/wp\/v2\/comments?post=13"}],"version-history":[{"count":38,"href":"https:\/\/centre-des-buttes-chaumont.org\/index.php\/wp-json\/wp\/v2\/pages\/13\/revisions"}],"predecessor-version":[{"id":2267,"href":"https:\/\/centre-des-buttes-chaumont.org\/index.php\/wp-json\/wp\/v2\/pages\/13\/revisions\/2267"}],"wp:attachment":[{"href":"https:\/\/centre-des-buttes-chaumont.org\/index.php\/wp-json\/wp\/v2\/media?parent=13"}],"curies":[{"name":"wp","href":"https:\/\/api.w.org\/{rel}","templated":true}]}}