{"id":11,"date":"2016-02-05T20:19:21","date_gmt":"2016-02-05T19:19:21","guid":{"rendered":"http:\/\/centre-des-buttes-chaumont.org\/wp_cdbc\/?page_id=11"},"modified":"2022-01-20T20:07:17","modified_gmt":"2022-01-20T19:07:17","slug":"consultations","status":"publish","type":"page","link":"https:\/\/centre-des-buttes-chaumont.org\/index.php\/consultations\/","title":{"rendered":"Consultations"},"content":{"rendered":"<p><strong>Uniquement sur rendez-vous<\/strong><\/p>\n<p>Ces consultations sont sp\u00e9cialis\u00e9es pour les victimes d\u2019inceste ou de p\u00e9docriminalit\u00e9, les victimes directes et indirectes des violences intrafamiliales et conjugales, des maltraitances physiques et psychologiques, des n\u00e9gligences, et les auteurs mineurs et majeurs de ces m\u00eames violences.<\/p>\n<ul>\n<li>Th\u00e9rapies individuelles<\/li>\n<li>Th\u00e9rapies de couple<\/li>\n<li>Th\u00e9rapies familiales<\/li>\n<\/ul>\n<p><strong>Th\u00e9rapies familiales de r\u00e9seau pour enfants plac\u00e9s<\/strong><br \/>\nNous sommes pr\u00e9curseurs de la th\u00e9rapie familiale de r\u00e9seau (1987) pour les enfants plac\u00e9s sur ordonnance judiciaire en raison du danger encouru dans leur famille. C&rsquo;est un dispositif th\u00e9rapeutique, simple en apparence, mais extr\u00eamement complexe dans sa r\u00e9alisation, \u00e0 la mesure des probl\u00e8mes pos\u00e9s (inceste, violences sexuelles extrafamiliales, violences conjugales, maltraitances physiques et psychologiques, n\u00e9gligences. Diff\u00e9rents professionnels &#8211; intervenants sociaux, psychologues, familles d&rsquo;accueil, etc. charg\u00e9s du suivi des enfants &#8211; vont animer la s\u00e9ance de r\u00e9seau \u00e0 c\u00f4t\u00e9 du tandem th\u00e9rapeutique dans le respect et l\u2019attention soignante.<\/p>\n<p><strong>Th\u00e9rapies de r\u00e9seau de fratries<\/strong><\/p>\n<p>t\u00e9l. : 01 42 40 03 39<br \/>\n(00 331 42 40 03 39 depuis l&rsquo;\u00e9tranger)<\/p>\n","protected":false},"excerpt":{"rendered":"<p>Uniquement sur rendez-vous Ces consultations sont sp\u00e9cialis\u00e9es pour les victimes d\u2019inceste ou de p\u00e9docriminalit\u00e9, les victimes directes et indirectes des violences intrafamiliales et conjugales, des maltraitances physiques et psychologiques, des n\u00e9gligences, et les auteurs mineurs et majeurs de ces m\u00eames violences. Th\u00e9rapies individuelles Th\u00e9rapies de couple Th\u00e9rapies familiales Th\u00e9rapies familiales de r\u00e9seau pour enfants plac\u00e9s [&hellip;]<\/p>\n","protected":false},"author":1,"featured_media":0,"parent":0,"menu_order":1,"comment_status":"closed","ping_status":"closed","template":"","meta":{"jetpack_post_was_ever_published":false,"footnotes":""},"class_list":["post-11","page","type-page","status-publish","hentry"],"jetpack_sharing_enabled":true,"jetpack_shortlink":"https:\/\/wp.me\/P7cYqF-b","jetpack-related-posts":[],"_links":{"self":[{"href":"https:\/\/centre-des-buttes-chaumont.org\/index.php\/wp-json\/wp\/v2\/pages\/11","targetHints":{"allow":["GET"]}}],"collection":[{"href":"https:\/\/centre-des-buttes-chaumont.org\/index.php\/wp-json\/wp\/v2\/pages"}],"about":[{"href":"https:\/\/centre-des-buttes-chaumont.org\/index.php\/wp-json\/wp\/v2\/types\/page"}],"author":[{"embeddable":true,"href":"https:\/\/centre-des-buttes-chaumont.org\/index.php\/wp-json\/wp\/v2\/users\/1"}],"replies":[{"embeddable":true,"href":"https:\/\/centre-des-buttes-chaumont.org\/index.php\/wp-json\/wp\/v2\/comments?post=11"}],"version-history":[{"count":13,"href":"https:\/\/centre-des-buttes-chaumont.org\/index.php\/wp-json\/wp\/v2\/pages\/11\/revisions"}],"predecessor-version":[{"id":1099,"href":"https:\/\/centre-des-buttes-chaumont.org\/index.php\/wp-json\/wp\/v2\/pages\/11\/revisions\/1099"}],"wp:attachment":[{"href":"https:\/\/centre-des-buttes-chaumont.org\/index.php\/wp-json\/wp\/v2\/media?parent=11"}],"curies":[{"name":"wp","href":"https:\/\/api.w.org\/{rel}","templated":true}]}}